) = -6*i - 1. Let r be s(-2). Let k = -52 + 205. Suppose k = 4*n - r. Calculate the highest common factor of 41 and n.
41
Let x(i) = 67*i**2 - 13*i + 60. Let s be x(4). Suppose 14*h - s = 5*h. What is the highest common factor of h and 96?
24
Let h(x) = 12*x - 21. Let z be h(11). Suppose -116 = 5*l - z. Let r be (-2 - l)*12/(-12). What is the highest common divisor of 11 and r?
1
Let v(f) = f**2 - 3*f + 11. Suppose -7*g + 8 = -5*g. Let p be v(g). Let t be -65*(0 + -2 + 18/p). Calculate the greatest common factor of t and 4.
4
Let i be 1010 + ((-20)/(-4) - 5) - (0 - -5). Calculate the greatest common divisor of i and 5.
5
Let k(a) be the first derivative of a**4/4 - 5*a**3/3 + 2*a**2 + 8*a - 18. Let i be k(5). Calculate the greatest common factor of i and 42.
14
Suppose 76*k = 3939 - 63. What is the greatest common divisor of k and 7412?
17
Let f be (-3 + 4)*17*1. Suppose w + 3*b + 153 = 0, -5*w - 731 = 7*b - 9*b. Let k = -79 - w. What is the greatest common divisor of k and f?
17
Let c = -24 + 84. Suppose -h = -5 + 4. Let f(p) = 20*p - 8. Let v be f(h). Calculate the greatest common factor of v and c.
12
Let i = -3139 - -3148. What is the highest common factor of 3600 and i?
9
Suppose -2*p - u = -6*u + 16, 0 = 4*p + 5*u - 28. Let v be p/(-6) - (0 + 271/(-3)). Suppose -7*w - 13 = -v. Calculate the highest common divisor of 88 and w.
11
Suppose -18*g = -14*g - 36. Suppose x - g + 4 = 0. Suppose -2*k + 60 = -x*z - 145, -z + 421 = 4*k. What is the greatest common factor of k and 15?
15
Let y(k) = -k**2 - 124*k - 533. Let u be y(-119). Calculate the greatest common divisor of 62 and u.
62
Let a(d) = -9*d + 12. Let q be a(-3). Let x be 6/(-24)*-598*2. Calculate the greatest common factor of q and x.
13
Suppose 0 = 2*r - 4*u + 6, -4*r + 8*r = u - 5. Let s be -2 - (r/5 - (-592)/(-40)). Calculate the highest common factor of 247 and s.
13
Let t(s) = -2*s**2 + 114*s - 108. Let j be t(56). Suppose 2*r - 7*r + 50 = 0. Suppose -i + r = j. Calculate the highest common divisor of 4 and i.
2
Suppose 27574 = 20*m + 4114. What is the greatest common factor of 552 and m?
69
Let l be 0/(-3) - (-10 - 55). Let h be (-6)/15 - (-1056)/40. Suppose -3*x - h = -104. Calculate the highest common divisor of l and x.
13
Suppose x - 4*v = -0*x + 53, 5*v = -x + 8. Let u(m) = m**3 - 149*m**2 + 148*m + 33. Let r be u(148). What is the highest common divisor of x and r?
33
Let h = 902 - 2072. Let i = -805 - h. Calculate the greatest common divisor of i and 5.
5
Suppose -4*z + 3*p - 20 = -8*z + 28, 3*p = 0. Calculate the highest common factor of z and 1542.
6
Let m be ((-61)/5)/(7/(-35)). What is the highest common divisor of m and 976?
61
Let l(g) = -5*g - 22. Let x be l(-5). Suppose 391 = -5*a - 3*j, a - x*j = -3*a - 329. Let s = a + 87. What is the greatest common divisor of s and 2?
1
Let h be 2/(1 + -3)*-19. Let o = h + -14. Let z(t) = -t**2 + 8*t + 8. Let a be z(7). Calculate the highest common divisor of o and a.
5
Let t(v) = v**3 + 6*v**2 + 4*v - 1. Let l be t(-5). Suppose -5*h = l*g - 1482, 4*g = -4*h - 656 + 2136. What is the greatest common factor of g and 16?
16
Suppose 0 = -5*c + 4*h + 892, h - 542 = -3*c - 0*h. Suppose -3*m = 5*b - 252, -c = -5*b + m + 76. What is the highest common divisor of 102 and b?
51
Let i = -103 - -118. Let c = i + -2. Suppose -5*m - r = -68, -3*m + r + 0*r = -36. What is the greatest common factor of m and c?
13
Suppose 0 = -3*v + 3*y - 3 + 6, 5*v - 2*y - 14 = 0. Suppose -w + 2*b + 180 = 0, -v*w + 2*b + 723 = -3*b. Calculate the highest common divisor of 52 and w.
26
Suppose 37*u = 26*u + 24*u - 10829. What is the greatest common factor of u and 170?
17
Suppose 3*s - 3237 = -2*g, -g + 4*s + 2404 - 791 = 0. What is the greatest common divisor of g and 33?
33
Suppose -7200 = 9650*z - 9695*z. Calculate the highest common divisor of z and 2420.
20
Suppose -n + 0*n = 2*n. Suppose 0 = 3*a - t + 40, -t = -4*a - n*t - 52. Let f be (-18)/(-4)*28/a*-14. Calculate the highest common divisor of f and 21.
21
Suppose 63*y = 47*y + 119504. Calculate the greatest common factor of 231 and y.
77
Let q = -32604 + 32859. What is the greatest common divisor of 15 and q?
15
Let x = 5911 - 5820. Suppose -u + 6*u - 145 = 0. Let m = u + -16. What is the highest common factor of x and m?
13
Suppose 48390 = 4*w - y, w = 4*w - 2*y - 36290. What is the highest common divisor of w and 46?
46
Let d(v) = v**2 + v - 1. Let r(p) = -3*p**2 - 30*p + 52. Let m(b) = -4*d(b) - r(b). Let t be m(5). What is the greatest common factor of t and 57?
57
Let w(t) = 236*t**2 - 2*t - 1. Suppose -3*c + 12 = -2*u + 13, 2*c = 2*u. Let d be w(c). What is the highest common divisor of d and 3?
3
Suppose -2*v + 8 = g, -5*g + 8*v = 5*v - 66. Calculate the highest common factor of g and 12156.
12
Let v be 8520/70*(-35)/(-10). Let q = v - -33. Calculate the highest common divisor of q and 17.
17
Let c(h) = -38*h - 37. Let d be c(20). Let o = -774 - d. Let r be 22*((-207)/6)/(-3). Calculate the highest common divisor of o and r.
23
Suppose -2*p + 157*v = 159*v - 426, -1047 = -5*p - 3*v. Suppose -3*f - 2*b - 151 = -6*f, 0 = -4*f - 5*b + 209. Calculate the highest common divisor of f and p.
51
Let t be (210/4)/(9/12). Let g = -238 + 275. Suppose 44 = 4*f + 2*n, -g = -2*f - 2*n - 13. What is the greatest common factor of t and f?
10
Suppose -4*m + 56 = 2*y, -15 = -y - 4*m + 3. What is the highest common factor of y and 1691?
19
Let m(o) = -10*o - 26. Let t be m(0). Let h be (130/65)/(1 + 25/t). What is the highest common divisor of 234 and h?
26
Let c(s) = -6*s - 23. Let j be c(-10). Suppose -3*f + j = -98. Let t be -2*(5/(-2) + -2). Calculate the highest common divisor of f and t.
9
Let r(p) = 51*p**2 - 4*p - 8. Let g be r(4). Let h(z) = g - 3*z - 792. Let t be h(-2). Calculate the greatest common factor of t and 3.
3
Suppose -5*v - n = -5, -n + 11 = -3*v + 14. Suppose 9 + 2 = f. What is the greatest common factor of v and f?
1
Suppose 0 = s + 29*s + 38*s - 6868. Calculate the highest common factor of 2525 and s.
101
Suppose -o + 7724 = -4*n, o + 4*n = 3*o - 15468. Calculate the highest common factor of 64 and o.
64
Suppose -208*c - 19*c + 4224 = -35*c. What is the greatest common divisor of c and 17149?
11
Suppose 7*t - 30 = -2*a + 6*t, 4*a + 5*t - 78 = 0. Let y be (-1017)/(-5) + (-18)/(-30). What is the greatest common divisor of y and a?
12
Let d be 8 + 102/(-15) - 34756/(-20). Calculate the highest common factor of 148 and d.
37
Suppose 7*c = -3*c - 2*c. Suppose 4*w + 3*n - 614 = 0, c*w + 2*n - 151 = -w. Let f be (-2)/((-10)/w) + -2 + 6. Calculate the highest common divisor of 10 and f.
5
Let j(s) = 4*s + 2. Let y be j(6). Suppose 21*h = y*h - 140. Suppose 0 = -5*g + h + 137. What is the highest common divisor of g and 22?
11
Suppose -14*a = -6*a + 1064. Let t be (-1653)/a + (-4)/(28/3). Let c = -8 + 24. What is the greatest common factor of t and c?
4
Let m be ((-10)/6)/((-16855)/510 - -33). What is the highest common divisor of 8857 and m?
17
Let n(x) = x**3 + 21*x**2 + 20*x - 3. Let q be n(-20). Let z = 903 + q. Calculate the greatest common factor of 36 and z.
36
Suppose -7*t = 393 - 3473. Suppose -t = -3*f - 5*n, -4*f + 2*n - 4*n = -596. Calculate the highest common factor of f and 15.
15
Let r = -128 + 141. Suppose -61 = -2*f - r. What is the highest common divisor of 18 and f?
6
Let g be (-1)/(2/(-4)) - -25. Suppose 2*j - g = v - 0*j, 3*j = -v - 12. Let l be (-3 - -1*(-3 - -5))*v. What is the greatest common divisor of 21 and l?
21
Let p be (-321)/(-535)*(-20)/6 + 15688. Calculate the highest common factor of p and 155.
31
Suppose -4*q - 1327 = -m, -3*m - 35*q + 3948 = -36*q. What is the greatest common factor of 10 and m?
5
Suppose -1161*x + 956*x = -249895. What is the greatest common divisor of 1 and x?
1
Suppose o - 2 - 10 = 0. Let h be 5*(12/3 + -7). Let m be (6/(-2) + 8)*(-18)/h. What is the greatest common divisor of m and o?
6
Suppose -4*v - 164 = -468. Suppose 80*x - v*x = -32. Let a be (4/3)/(x/(-972)). What is the highest common divisor of 18 and a?
18
Let c = -3361 + 3605. What is the highest common divisor of c and 16?
4
Let d = -6804 + 7108. What is the greatest common factor of 160 and d?
16
Let s(t) = -93*t + 412. Let w be s(4). What is the highest common factor of w